value of -26 + -85 + 93 - (-3 + 2) - 108?
-125
What is -107 - -12 - (-116 - 53)?
74
Evaluate 60 + 6 + 0 + (-46 - -22).
42
What is the value of 0 + -46 + (9 + 25 - 13) + -11?
-36
-6 - (5 - 2) - (-10 + 28 + -9)
-18
What is the value of 30 + 3 + (3 + -12 - -2) + -6?
20
What is the value of -50 - 7 - (-44 + 52 + 3 + (-1 - -1))?
-68
Calculate -6 + (34 - 39) + (11 - 1 - 1) - -6.
4
What is -28 - (-45 - -45 - 24)?
-4
Calculate -1 + -8 + -125 + 185 + -65.
-14
Calculate 2 + 0 - (-2 - -1 - -8) - (8149 - 8101).
-53
What is -200 - -265 - (0 + -52 - -4)?
113
What is (-11 - (107 - 67)) + -59?
-110
Calculate 9 + -1 - (13 + (-10 - -15 - 17)).
7
Calculate -31383 - -31529 - (2 - (-4 - -2)).
142
What is -198 - (-81 - 11 - 13)?
-93
Evaluate (-115 - -75) + 41 + 36.
37
6 - (14 - 70) - (2 + (2 - (8 + -1)))
65
11 + (20 - (-43 - -31)) - (-3 + -2 + 0)
48
What is the value of -11 + (-3 - (9 + 5 + -4 + 15))?
-39
(-1 - -4) + 24 + (4 - 17) + -1
13
Calculate 3 + -6 + 6 + (4 + 1 - (-128 - -135)).
1
What is the value of 36 + 0 + -1 - (111 - 79 - (-7 + 36))?
32
What is 62 - ((-11 + -7 - -5) + 11)?
64
Evaluate -20 + 15 + -10 - (-3 + -18 + 38).
-32
What is the value of (-25 - (13 - (52 - (8 - 7)))) + -92?
-79
8 - 5 - -41 - (9 + (8 + 1 - 9))
35
Calculate -5 + -14 + 20 + -3 + -6 - 14.
-22
Calculate 0 + -14 + (-112 - -60 - -64) + (-1 - 13).
-16
Evaluate 18 + 13 + -31 + 15 + -17.
-2
Evaluate 1 + -2 + (1791 - 1816).
-26
What is the value of -16 + -16 + (18 - -32) - 7 - -44?
55
What is 21 - ((-19 - -17) + 4 + -12 + 11)?
20
What is the value of 3966 - 3969 - (-1 + -27 + 0)?
25
Evaluate -35 + (40 + -10 - 18) - -20.
-3
Evaluate -8 - (-42 - -65 - -64).
-95
(-180 + 174 + -3 + 1 - -13) + 10 - -100
115
Calculate 792 + -799 + (-29 - (-1 + 1)).
-36
Calculate 10 - 12 - (-72 + (-52 - 3)).
125
Evaluate 10 + -19 + 2 - (4 + 39).
-50
What is 38 + 19 - 46 - -26 - 8?
29
What is the value of 45 + -28 + 11 + 23 - 27?
24
What is 17 + -84 + 45 - (-3 + 2)?
-21
Calculate -15 - 6 - (-42 + (1 - 11) + 23).
8
Calculate 2 - 11 - (-8 + -27 + 35).
-9
Evaluate -72 + 27 + (4 - 29) - (5 - 12).
-63
-23 + 0 - (-61 + 119 - 35)
-46
Calculate 58 + (4 - 8) + 3578 + -3600.
32
-5934 - -6090 - (2 + 50)
104
What is the value of -34 + -18 + 52 - ((6 - 3) + -12)?
9
5 - (-14 - -22) - (-23 + 112 + 0 + -4)
-88
Evaluate 9 - -2 - (-1 + 1) - (-119 - (-57 - 110)).
-37
What is the value of -6 - 0 - (((39 - 10) + -11 - 18) + -6)?
0
Evaluate 0 + (19 + (20 - 42) - (-3 - 2)).
2
(-135 - -138) + (2 - -48)
53
34 - (2 + 14 - (-263 + 163))
-82
What is the value of -2066 + 2168 - (91 - 1)?
12
What is 34 + -25 + -14 - (2 - 2 - 4)?
-1
47 - (-40 - (-41 + -9) - (1 - -3))
41
Evaluate 5 + 37 - (-68 + 199) - -8.
-81
What is -26 - (-8 + 1 + -11 + 43 + -38)?
-13
What is the value of 0 - -25 - (123 + -176 - -6)?
72
What is the value of 39 - (21 - 10) - -3 - 34?
-3
What is -11 + 41 + -16 + 14 + 5 + 8?
41
Evaluate -1 + 0 - 8 - (424 - 459) - 4.
22
(19 - (36 + 14 + -57)) + 32
58
Evaluate 7 + 5 - (107 + -97).
2
Calculate (9 + -2 - -2) + (66 - -13 - 82).
6
2 - (-1 + (12 + -74 - -12) + -10)
63
What is (-21 + 12 + 9 - -63) + 14 - (2 - 11)?
86
Calculate 3 + -3 + -46 + 7 + -13 - (-6 - -2).
-48
What is (-64 - 38 - -92) + (1 - 1) + 53?
43
What is 0 + -8 - 3 - (-2 - (-164 + 110))?
-63
What is (1 - (-2 + 4 - (-58 + 1))) + (-3296 - -3286)?
-68
What is the value of -25 + (148 - 40 - 13)?
70
What is the value of (25 - 136) + 141 + -90?
-60
Calculate -13 + (-31 - 26) - (11 - 9).
-72
What is 22 - (11 - -23) - -42?
30
-155 + 145 - -142 - 36
96
What is -14 + -14 + (1 - 14) + (-205 - -200)?
-46
Evaluate -9 + (23 - 37 - (-92 - 2)).
71
Calculate 23 - (-1 + 4 + -2 + 21 + -118 + 93).
26
Calculate 1 + 1 + 17 + (-3 + -32 - (-406 + 374)).
16
What is (1400 - 1534) + (-10 - -174)?
30
Evaluate -9 + (19 - 2) + -63 + 12.
-43
Calculate -5 + 141 + -60 + -3 + -3 + 19.
89
Evaluate 52 + (24 - (11 + 27)).
38
What is the value of (393 + -409 - (-6 + -3 - 1)) + -7?
-13
What is the value of (49 - (198 - 129)) + (3 - -1)?
-16
Evaluate 16 - (-130 + 134 - 61).
73
Evaluate 36 - 56 - (-2 + 17 + (-1 - 6)).
-28
What is -6 + 8 - 2 - (-30 + 0 + 29)?
1
What is the value of -34 - 45 - (4 + -37)?
-46
0 + 1 - 105 - (79 + (41 - 25) + -83)
-116
What is the value of 73 + -86 + 1 + 21?
9
Calculate -132 + (-23 - -1 - ((-104 - -3) + 93)).
-146
Calculate (-5 - (-27 + 24) - -63) + -13.
48
(-1 - -96) + -247 + 229
77
Calculate 9 + 112 - (16 + -49 - -52).
102
Evaluate -147 + 124 + -7 + 33 + 31.
34
What is the value of 125 + -111 + (-132 - -20)?
-98
What is the value of 15 - (40 + (-78 - -38))?
15
-86 - (-44 + 19 + -60)
-1
(40 - (-16 + 2 + 5)) + (3 + 3 - -6)
61
(-2412 - -2411) + -7 + -2 + 4 + -2
-8
10 + (-24 - -101) + -54
33
-12 + (-1 - (1 - 4) - (109 - 114) - -64)
59
-23 - (-13 + 1) - (266 + -174)
-103
Evaluate -18 + 4 + (22 + -28 - 6).
-26
Calculate (44 - -3) + -2135 + 1994.
-94
What is 513 + -539 - (22 - -3)?
-51
What is (-9 + 1 - -1) + 113 + -87 - (-154 - -144)?
29
Calculate 5 + 1 - (-42 + 35 + 29).
-16
What is -565 + 570 + -13 + -1 - 19?
-28
(0 - 6 - (3 + 34 + -31)) + (2 - -8)
-2
Calculate (19 - 69) + 40 - -25.
15
Calculate -2881 + 2876 - (0 + 35).
-40
Calculate 47 - (-64 + 18 + 127).
-34
What is (75 - (13 + -11 + 3 + (-5 - -7))) + -7?
61
Calculate -20 - (25 - (-42 - -15)).
-72
(-1 - (-2 + -54)) + -6 + 2 + (-2409 - -2401)
43
33 - 2 - (11 - -44)
-24
Evaluate -10 - (10 + -25) - (-1 + -2 + 4) - -19.
23
What is 50 + (-7 + (-1 - -6 - -2) - (6 + 0))?
44
What is -23 + (23 - (0 + -19) - 17)?
2
What is the value of -48 + (-2 - -5 - 8) + 2 + -394 + 387?
-58
Calculate -26 - (11 + (3 - (-5 + -2)) + -12).
-35
Calculate 21 - (0 - (6 - 7)) - 16.
4
Evaluate -765 + 769 - (9 + -18 + 41 - (-4 + 0)).
-32
-43 - 3 - (10 - (-10 + (0 + 3 - -13)))
-50
38 + (25 - (-15 - -26) - (2 - -1))
49
What is -2 + 5 + (6 + -5 - -15 - -4 - 19)?
4
What is the value of -18 + 35 + -4 + -8 + 14 - 94?
-75
Calculate 24 + -26 + 25 + 3 - -104.
130
What is 1233 - 1230 - (-1 + 63) - (-9 + 1 + 0)?
-51
1 - -35 - (-18022 - -17940)
118
Evaluate 10 - (11 - 29 - -12 - -3 - (5 - -2)).
20
Calculate 1 - -6 - -4 - ((-10 - 2) + 13).
10
What is (16 - 3) + 5 - ((-12 + 5 - -25) + -10)?
10
What is -54 + 18 + (-19 - -1) + 10 + 1 + 4?
-39
9 - ((5 - -12) + -28 - (-26 - -1))
-5
What is the value of (2 - 117) + 80 - -97?
62
Evaluate (29 - (-8 + (18 - -8)) - (0 + 4)) + -108.
-101
What is the value of ((36 - -1) + 0 - -1) + (378 - 429) + 50?
37
What is the value of 0 + 30 - (-19 - (-42 + 1))?
8
Evaluate 1 - ((-12 - (-14 - (-1 + -15))) + 71).
-56
Calculate (-51 - -69) + (1 - 56).
-37
-28 - -1 - ((9 - 28) + (22 - 16)) - 64
-78
(75 - 13) + -13 + (-15 - (-13 - -1))
46
Evaluate (0 + -12 - -3 - (20 + -75)) + (2 - -2).
50
Evaluate -17 + (-45 + 39 + (0 - -5) - (-6 - -3)).
-15
What is the value of (-59 - (7 - 19)) + -46 + 48?
-45
What is (-21 - (-13 - -6)) + (-5 - (0 + -1))?
-18
What is the value of 46 + -42 + -65 + 83?
22
What is the value of 1292 + -1325 - (-3 - (-55 - -5))?
-80
What is the value of -21 + (12 - (32 + -5 + (35 - 38)))?
-33
What is -13 + 13 + -26 + -23 + 59?
10
What is the value of -93 - -45 - (-36 - 32)?
20
Evaluate 2 + -7 + 38 + -52 + -12.
-31
What is the value of 3 + 30 + (-29 - -7) + -13?
-2
Evaluate -4 - (-29 + -3) - (-31 + 10 - -19) - -7.
37
Evaluate 18350 - 18334 - (-1 + (-1 - 10)).
28
Calculate (67 - -2) + (-18 - -31 - 31).
51
What is -12 - (-108 + 107 - (0 - 35))?
-46
Calculate (22 - -11) + (-19 + -4 + -2 - -17).
25
What is the value of (5 - 58) + 10 + (4 - -5) + 1 + -1?
-34
33 + (79 + -65 - (3 + -7 - -3))
48
What is -59 - (-23 - (116 + -42))?
38
Evaluate 11 + (24 + 25 + -4 - 17).
39
97 + -188 + (3 - -18)
-70
Evaluate -2 + (-2 + -9 - -6) + (-9 - -4 - -44).
32
What is 42 + 44 + -30 - 107?
-51
What is the value of (1 - 2) + (87 + 3 - 86)?
3
What is (-7 - (-24 - -10)) + 24 - 5?
26
Evaluate 25 - 7 - (894 - 816).
-60
What is (-20 + 1 + -3 - 7) + (-13 + 5 - -1)?
-36
4 - (-4 + (44 - 49))
13
What is the value of (228 - -4) + (-739 - -644)?
137
(0 - (10 + (5 + -4 - 5))) + -14
-20
Evaluate (2 - 0 - 9) + (36 - (44 + 21)) - 2.
-38
Calculate (10 - (3 - 16)) + -101 + 41.
-37
What is the value of 82 + -19 + (-4 - -28) + (-2 - 1)?
84
-54 - (-6 + (48 - 134))
38
-50 + 15 + 1 + 19 + -21
-36
What is the value of 16 + -44 + -38 + 21 - 6?
-51
Evaluate -3570 + 3587 - (126 - (-5 + 3)).
-111